z be r(-3). Let f = z + -10. Let w(v) = -3*v - 4 + 3*v - 2*v. Give w(f).
6
Let n(z) = -4*z**3 - 8*z**2 + 2*z + 9. Let g(w) = w**3 + w**2 - w - 1. Let r(q) = -5*g(q) - n(q). Determine r(4).
-8
Let j(l) = l**3 + 3*l**2 - 4*l - 4. Suppose -3*a = 5*h + 29, -a + 4*h + 7 = 2*a. Determine j(a).
8
Let q(l) = l - 1. Let r(j) = -j + 1. Let c(w) = 5*q(w) + 4*r(w). Let p be 1 + -3 - (-3 + 0). Calculate c(p).
0
Let i(o) = o - 6. Let q(v) = -2*v - 15. Let g be q(-11). Calculate i(g).
1
Let c be (0/2)/(0 + 1). Let z be 0/(-1)*4/(-8). Let a = z + c. Let g(m) = -m**2 + m + 3. Determine g(a).
3
Let u(g) = g**3 + 2*g**2 - g + 1. Let q(s) = -2*s**2 - 5*s - 5. Let d be q(-2). Calculate u(d).
-5
Let d be (-1)/((-1)/3) + -1. Let i(a) be the third derivative of a**6/120 - a**5/30 + a**4/8 - a**3/3 + 7*a**2. Determine i(d).
4
Let s(b) = 4*b - b**2 - 16*b - 7 + 6*b + b. Determine s(-5).
-7
Let g(d) = -d. Let z(y) = y**2 + 2*y + 4. Let s be z(-2). Calculate g(s).
-4
Let r = -1 + 5. Let z = 15 + -9. Let s(b) = -z*b + 2*b + b**2 + 4 + 2 + 0*b. Determine s(r).
6
Let o(f) = -f**3 - 7*f**2 - 8*f - 9. Let c be ((-12)/(-8))/(3/4). Suppose 7*h - c*h - i + 35 = 0, -2*i = -4*h - 34. Determine o(h).
3
Let b(k) = 6*k - 3. Let f(z) = z. Let s(g) = -b(g) + 5*f(g). Calculate s(7).
-4
Let g(a) = a - 1. Let t(i) = -i**2 - 3*i - 6. Let u(o) = -6*o**2 - 16*o - 31. Let m(p) = -11*t(p) + 2*u(p). Let y be m(0). What is g(y)?
3
Let m(c) be the third derivative of -c**5/60 + c**4/4 - c**3 - 41*c**2. Calculate m(6).
-6
Let c(z) = 5 - 12 + 9 + 2*z. Give c(6).
14
Let a(v) = v**3 + 7*v**2 + 5. Let l be 7/(-5 + 16/4). Give a(l).
5
Let x be (5 - (6 - 3)) + -1. Let l(u) be the first derivative of 1/3*u**3 - 3*u**2 + 2*u - x. Give l(4).
-6
Suppose -4*m + 3 - 31 = 0. Let o = 25 + -41. Let t be o/m - 6/21. Let p(h) = h**2 - 3*h - 2. Calculate p(t).
-4
Let f(o) = -o**3 - 3*o**2 - o. Suppose -3*w = 2*q - 7*q, 0 = -3*q + 2*w + 1. What is f(q)?
3
Let c(h) = -3*h + 2. Let k = 25 - 19. Determine c(k).
-16
Suppose -3*d + 5*m = 5 - 48, d - 2*m - 16 = 0. Let j(c) = c - 3. Give j(d).
3
Let v be (3/(-6))/(5/(-70)). Let f = -1 + v. Let d(n) = -n**2 + 7*n. Give d(f).
6
Let r be 8/16 - 19/(-2). Let z(u) = -u**2 + 1 + 1 - 1 - r*u**3. Give z(1).
-10
Let l(k) be the third derivative of 0 + 1/24*k**4 + 3*k**2 + 0*k + 2/3*k**3. Calculate l(-4).
0
Let p(d) = -10 + 10 + d - 5*d. Suppose 2*h + 4 = 6. What is p(h)?
-4
Let v(x) = x + 8. Let r(t) = -t**3 - 7*t**2 + t + 8. Let l be r(-7). Let z be 1/((l*-2)/6). Let o = z + 3. Determine v(o).
8
Suppose 4*l + 4 = -16. Let g(s) = -2*s - 4. Give g(l).
6
Let y(w) be the first derivative of -w**4/4 - 5*w**3/3 - 2*w - 1. Let f(z) = -z**3 + 7*z**2 + z - 6. Let a be f(7). Suppose -b - 6 = -a. Calculate y(b).
-2
Let n(f) be the first derivative of 3*f**2/2 - 6*f + 4. Give n(4).
6
Let p(w) = -w**3 + 3*w**2 + 3*w - 1. Let q(d) = -7*d. Let h be q(1). Let i(y) = -9*y - 3. Let o be i(h). Let l be o/14 + (-2)/7. Give p(l).
-5
Let b(a) = -a**2 + 6*a - 4. Let p(t) = 5*t + 1. Let j be p(1). Let f = 10 - j. Calculate b(f).
4
Let b(c) = c**3 - 4*c**2 - c - 5. Let f be b(5). Suppose 60 - f = 5*s. Let m be 3/s - (-26)/(-6). Let d(j) = -j**2 - 2*j. What is d(m)?
-8
Let h(r) be the third derivative of r**2 + 0*r - 1/12*r**4 - 1/3*r**3 + 0 + 1/60*r**5. Suppose 3*v - 2 = 4*v. Give h(v).
6
Let a(t) = -4*t**2 + 4 + 5*t + 2*t**2 + t**2. Suppose 5*d = 4*k + 70, -3*d - 2*d = -10. Let b be 2/((24/k)/(-4)). Give a(b).
4
Let m(u) be the first derivative of u**2/2 + 4*u + 2. Determine m(-5).
-1
Let p(q) = q - 10. Let o be (-2)/(-7) + 26/(-91). Determine p(o).
-10
Let q(a) be the third derivative of -a**7/2520 - a**6/720 + a**4/12 + 2*a**2. Let m(w) be the second derivative of q(w). Determine m(-2).
-2
Let l(i) = 9*i - 4 - 3 + 2*i**2 - 3*i**2 + 0. What is l(6)?
11
Let q(m) = 2*m**2 - m. Let x be (-3)/((-6)/(-15) + -1). Let u(f) be the first derivative of -f**3/3 + 3*f**2 - 6*f - 1. Let t be u(x). Determine q(t).
3
Let m(x) be the third derivative of x**8/6720 - x**7/2520 + x**5/120 - 7*x**4/24 + 5*x**2. Let u(c) be the second derivative of m(c). What is u(1)?
1
Let k = 17 + -10. Suppose -k*h + 2*h + 11 = r, -2*h + 5*r - 1 = 0. Let s(b) = -b**3 + 2*b + 1. Determine s(h).
-3
Let a(z) = z**3 - 3*z**2 - 6*z + 6. Let o be (-2)/(-4) + (3 - (-3)/6). Calculate a(o).
-2
Suppose -2*q = 3*q. Let o(b) = 4 + 2*b + q*b - b. Determine o(-4).
0
Suppose -a + m = 11, 15 = -a + 2*m - 0*m. Let k(z) = z**2 + 8*z - 2. Give k(a).
-9
Let i(u) be the third derivative of u**5/60 - u**4/3 + 2*u**3/3 + 3*u**2. Give i(3).
-11
Suppose -4*r + 5*r + a = 20, 0 = 3*r + a - 70. Suppose 5*i - r = -d, 0 = 2*d + 3*d - 5*i + 25. Let w(q) = d*q**2 + q**2 - 8 + 3*q**3 - 4*q**3. Calculate w(0).
-8
Let d(x) = -x**3 - 5*x**2 - 2*x. Let v = -16 - -14. Calculate d(v).
-8
Let z = -22 + 24. Let c = -1 + 0. Let s(j) = -6*j + 1. Let m(w) = -w. Let k(t) = c*s(t) + 2*m(t). What is k(z)?
7
Let a(z) = -z**2 + z - 5. Suppose 0 = -5*r + 4*r + 6. Suppose -l - r = -4*x + 6, 2*x - 6 = 3*l. Suppose -d - x*d = 0. What is a(d)?
-5
Let y(v) = 5*v**3 + 4*v**2 - 4*v**3 + v**2. Let l(t) = -2*t + 3. Let w be l(4). Give y(w).
0
Let l(h) = -h + 1. Let s(b) = -b. Let v(a) = 2*l(a) - s(a). What is v(-5)?
7
Let p be 12 - ((-12)/4 + 3). Let w(q) = 6*q**2 - p + 4 + 0*q**3 - q**3 + 0*q**3 + 2*q. What is w(6)?
4
Let w = -17 - -18. Let o(p) = -p**2 + p. Let j(n) = 11*n**2 - 5*n + 1. Let a(y) = j(y) + 4*o(y). What is a(w)?
7
Let k(u) be the third derivative of -1/20*u**5 + 0 - 2*u**2 + 1/6*u**3 + 1/12*u**4 + 0*u. Determine k(2).
-7
Suppose 0 = 3*p + 4*z + 13 - 1, -5*p = -5*z - 15. Let d(y) = p*y**3 - 18*y + 19*y + 2*y**3. Give d(1).
3
Let x(y) = -y**2 + 7*y - 3. Let n be x(6). Suppose -1 = -2*j + n. Let q(s) = -s**2 - s**3 - 3*s + 2*s**3 + 3*s**j + 0*s**3. What is q(2)?
10
Let n(j) be the third derivative of -11*j**4/24 - 5*j**2. Calculate n(-1).
11
Let g(u) be the second derivative of -u**5/20 + u**4/3 + 7*u**3/6 - 7*u**2/2 + u. Let k be (-34)/(-10) + (-6)/15. Let z = 8 - k. Calculate g(z).
3
Let u(s) = s**3 + 4*s**2 + 5*s - 8. Let b(w) = w**3 + 5*w**2 + 5*w - 8. Let l(r) = 3*b(r) - 2*u(r). What is l(-6)?
-2
Let l = 1 - -1. Let s(c) = 2 + l - 5 - c. Let r(a) = -a**2 - 5*a - 2. Let t be r(-5). Calculate s(t).
1
Let q(y) = -4*y - 6. Let c(z) = -4*z - 5. Let v be -2 - (-3 + (-2 - 1)). Let p(r) = v*q(r) - 5*c(r). Give p(-3).
-11
Let v(r) = -r. Suppose 0 = 2*t - 14 - 0. Suppose -4*l + t = -a, l + 31 = 5*a + 3*l. Suppose y + 4*d - 10 = 2*y, y + 11 = a*d. What is v(y)?
6
Let c(u) = u**3 + 2. Let l be c(0). Suppose -5*z + 4 + 11 = 0. Let i(g) = -z*g - 2 + 0*g - g**3 + 5*g. Determine i(l).
-6
Let m(a) = 15*a**2 + a. Let d be m(1). Let p = d - 12. Let u(i) = 4*i. What is u(p)?
16
Suppose -4*d + f - 29 = 0, 3*d + 5*f - 8 = -1. Let c(t) = t + 12. Give c(d).
6
Let k = -134 - -138. Let s(f) = -f**2 + 5. Determine s(k).
-11
Let v = -3 + 4. Let l(w) = 25*w + 1. Let z be l(v). Suppose 5*q - 4*d = 0, -4*d + 2 = 2*q - z. Let g(m) = m**2 - 7*m + 5. Determine g(q).
-7
Let r(i) = i - 1. Let j be 3 - 3 - (5 + -2). Calculate r(j).
-4
Let n(g) = -g + 4. Let i(q) = 2*q - 9. Let w(z) = -6*i(z) - 13*n(z). Let m be (-1)/(-4) - 3/(-4). Let f(j) = j**3 + j. Let c be f(m). Give w(c).
4
Let a(y) = -3*y**2 - 25*y - 28. Let o(p) = -4*p + 20 + p + 2*p**2 - 1 + 20*p. Let r(l) = -5*a(l) - 7*o(l). What is r(-5)?
2
Let f(s) be the third derivative of 1/3*s**3 + 3*s**2 + 1/24*s**4 + 0 + 0*s. Give f(0).
2
Let v(d) = -d**3 + 6*d**2 + 8*d - 7. Suppose x + 21 = 4*x. Suppose 21 = 4*n - x. Determine v(n).
0
Let x(s) = -6*s - 1. Let d be x(1). Let f = 11 + d. Let w(v) = -2*v**2 + 7*v + 3. Let i(a) = 3*a**2 - 8*a - 3. Let k(m) = f*w(m) + 3*i(m). Determine k(-3).
0
Let p(z) = -z**3 - 9*z**2 - z - 7. Let l(x) = 4*x**3 + 37*x**2 + 5*x + 27. Let f(b) = 2*l(b) + 9*p(b). Give f(-7).
-16
Let a(t) = 4*t + 1. Suppose 0 = -4*y + 2*y + 2*m - 10, -3*y + 5*m = 19. Calculate a(y).
-11
Suppose -90 = -22*m - 266. Let d(p) = p**2 + 8*p + 1. Determine d(m).
1
Let s(t) = 3*t**3 - 9*t + t**2 - 4*t**3 + 2 + 7*t**2 + 0. Determine s(6).
20
Let l(u) = -u**2 + 13*u - 2. Let d be l(13). Let g(s) be the second derivative of s**5/10 + s**4/4 - s**3/6 - s**2 + s. Determine g(d).
-4
Let j be (-19)/7 - (-14)/(-49). Let o(g) = 2*g**2 + 5*g + 3. Calculate o(j).
6
Le